{"id":8597,"date":"2008-05-03T08:33:31","date_gmt":"2008-05-03T06:33:31","guid":{"rendered":"https:\/\/2021.nationalpark-unteres-odertal.de\/wycieczki-do-doliny-dolnej-odry\/"},"modified":"2022-01-14T10:03:23","modified_gmt":"2022-01-14T09:03:23","slug":"wycieczki-do-doliny-dolnej-odry","status":"publish","type":"page","link":"https:\/\/www.nationalpark-unteres-odertal.de\/pl\/wycieczki-do-doliny-dolnej-odry\/","title":{"rendered":"Wycieczki do Doliny Dolnej Odry"},"content":{"rendered":"<div class=\"fusion-fullwidth fullwidth-box fusion-builder-row-1 fusion-flex-container nonhundred-percent-fullwidth non-hundred-percent-height-scrolling\" style=\"--awb-border-radius-top-left:0px;--awb-border-radius-top-right:0px;--awb-border-radius-bottom-right:0px;--awb-border-radius-bottom-left:0px;--awb-flex-wrap:wrap;\"><div class=\"fusion-builder-row fusion-row fusion-flex-align-items-flex-start fusion-flex-content-wrap\" style=\"max-width:1248px;margin-left: calc(-4% \/ 2 );margin-right: calc(-4% \/ 2 );\"><div class=\"fusion-layout-column fusion_builder_column fusion-builder-column-0 fusion_builder_column_1_1 1_1 fusion-flex-column\" style=\"--awb-bg-size:cover;--awb-width-large:100%;--awb-margin-top-large:0px;--awb-spacing-right-large:1.92%;--awb-margin-bottom-large:0px;--awb-spacing-left-large:1.92%;--awb-width-medium:100%;--awb-spacing-right-medium:1.92%;--awb-spacing-left-medium:1.92%;--awb-width-small:100%;--awb-spacing-right-small:1.92%;--awb-spacing-left-small:1.92%;\"><div class=\"fusion-column-wrapper fusion-flex-justify-content-flex-start fusion-content-layout-column\"><div class=\"fusion-text fusion-text-1 awb-text-cols fusion-text-columns-2\" style=\"--awb-columns:2;--awb-column-spacing:2em;--awb-column-min-width:400px;\"><p class=\"rtejustify\"><span class=\"fusion-dropcap dropcap\">C<\/span>hro\u00adni\u00admy przy\u00adro\u00add\u0119 nie tyl\u00adko dla niej samej, ale tak\u00ad\u017ce dla ludzi. Powin\u00adna s\u0142u\u00ad\u017cy\u0107 obec\u00adnym i przy\u00adsz\u0142ym poko\u00adle\u00adniom edu\u00adka\u00adcji, rekre\u00adacji i budo\u00adwa\u00adnia oraz dawa\u0107 rado\u015b\u0107 i satys\u00adfak\u00adcj\u0119. Dla\u00adte\u00adgo sto\u00adwa\u00adrzy\u00adsze\u00adnie i fun\u00adda\u00adcja co roku ofe\u00adru\u00adj\u0105 miesz\u00adka\u0144\u00adcom i odwie\u00addza\u00adj\u0105\u00adcym Doli\u00adn\u0119 Dol\u00adnej Odry sze\u00adreg trud\u00adnych tech\u00adnicz\u00adnie, ale og\u00f3l\u00adnie zro\u00adzu\u00admia\u00ad\u0142ych wycie\u00adczek, po\u015bwi\u0119\u00adco\u00adnych wa\u017c\u00adnym tema\u00adtom eko\u00adlo\u00adgicz\u00adnym, pro\u00adwa\u00addzo\u00adnych przez naj\u00adwy\u017c\u00adszej kla\u00adsy eks\u00adper\u00adt\u00f3w z bran\u00ad\u017cy. region.<\/p>\n<p class=\"rtejustify\">Prze\u00adwod\u00adni\u00adki s\u0105<strong> za dar\u00admo<\/strong>, Daro\u00adwi\u00adzny i wcze\u00ad\u015bniej\u00adsza reje\u00adstra\u00adcja tele\u00adfo\u00adnicz\u00adna (tel.: +49 3332 21980) s\u0105 wyma\u00adga\u00adne. Fun\u00adda\u00adcja i sto\u00adwa\u00adrzy\u00adsze\u00adnie s\u0105 szcz\u0119\u00ad\u015bli\u00adwe i wdzi\u0119cz\u00adne za pozy\u00adska\u00adnie uzna\u00adnych naukow\u00adc\u00f3w z Tier\u00adpark i Zoo w Ber\u00adli\u00adnie, z Museum f\u00fcr Natur\u00adkun\u00adde w Ber\u00adli\u00adnie oraz z innych insty\u00adtu\u00adt\u00f3w badaw\u00adczych i uni\u00adwer\u00adsy\u00adte\u00adt\u00f3w w regio\u00adnie, kt\u00f3\u00adrzy regu\u00adlar\u00adnie zg\u0142a\u00adsza\u00adj\u0105 si\u0119 na ochot\u00adni\u00adka do edu\u00adka\u00adcji w zakre\u00adsie ochro\u00adny przyrody.<\/p>\n<\/div><div class=\"fusion-separator fusion-full-width-sep\" style=\"align-self: center;margin-left: auto;margin-right: auto;margin-top:30px;width:100%;\"><\/div><div class=\"fusion-title title fusion-title-1 sep-underline sep-dotted fusion-title-text fusion-title-size-two\"><h2 class=\"fusion-title-heading title-heading-left\" style=\"margin:0;\">Nasze wycieczki:<\/h2><\/div><\/div><\/div><\/div><\/div>\n","protected":false},"excerpt":{"rendered":"","protected":false},"author":1,"featured_media":0,"parent":0,"menu_order":0,"comment_status":"closed","ping_status":"closed","template":"","meta":{"wp_typography_post_enhancements_disabled":false,"_price":"","_stock":"","_tribe_ticket_header":"","_tribe_default_ticket_provider":"","_tribe_ticket_capacity":"0","_ticket_start_date":"","_ticket_end_date":"","_tribe_ticket_show_description":"","_tribe_ticket_show_not_going":false,"_tribe_ticket_use_global_stock":"","_tribe_ticket_global_stock_level":"","_global_stock_mode":"","_global_stock_cap":"","_tribe_rsvp_for_event":"","_tribe_ticket_going_count":"","_tribe_ticket_not_going_count":"","_tribe_tickets_list":"[]","_tribe_ticket_has_attendee_info_fields":false,"footnotes":""},"class_list":["post-8597","page","type-page","status-publish","hentry"],"yoast_head":"<title>Wycieczki do Doliny Dolnej Odry - Nationalpark Unteres Odertal<\/title>\n<meta name=\"robots\" content=\"index, follow, max-snippet:-1, max-image-preview:large, max-video-preview:-1\" \/>\n<link rel=\"canonical\" href=\"https:\/\/www.nationalpark-unteres-odertal.de\/pl\/wycieczki-do-doliny-dolnej-odry\/\" \/>\n<meta property=\"og:locale\" content=\"pl_PL\" \/>\n<meta property=\"og:type\" content=\"article\" \/>\n<meta property=\"og:title\" content=\"Wycieczki do Doliny Dolnej Odry - Nationalpark Unteres Odertal\" \/>\n<meta property=\"og:url\" content=\"https:\/\/www.nationalpark-unteres-odertal.de\/pl\/wycieczki-do-doliny-dolnej-odry\/\" \/>\n<meta property=\"og:site_name\" content=\"Nationalpark Unteres Odertal\" \/>\n<meta property=\"article:modified_time\" content=\"2022-01-14T09:03:23+00:00\" \/>\n<meta name=\"twitter:card\" content=\"summary_large_image\" \/>\n<script type=\"application\/ld+json\" class=\"yoast-schema-graph\">{\"@context\":\"https:\/\/schema.org\",\"@graph\":[{\"@type\":\"WebPage\",\"@id\":\"https:\/\/www.nationalpark-unteres-odertal.de\/pl\/wycieczki-do-doliny-dolnej-odry\/\",\"url\":\"https:\/\/www.nationalpark-unteres-odertal.de\/pl\/wycieczki-do-doliny-dolnej-odry\/\",\"name\":\"Wycieczki do Doliny Dolnej Odry - Nationalpark Unteres Odertal\",\"isPartOf\":{\"@id\":\"https:\/\/www.nationalpark-unteres-odertal.de\/pl\/#website\"},\"datePublished\":\"2008-05-03T06:33:31+00:00\",\"dateModified\":\"2022-01-14T09:03:23+00:00\",\"breadcrumb\":{\"@id\":\"https:\/\/www.nationalpark-unteres-odertal.de\/pl\/wycieczki-do-doliny-dolnej-odry\/#breadcrumb\"},\"inLanguage\":\"pl-PL\",\"potentialAction\":[{\"@type\":\"ReadAction\",\"target\":[\"https:\/\/www.nationalpark-unteres-odertal.de\/pl\/wycieczki-do-doliny-dolnej-odry\/\"]}]},{\"@type\":\"BreadcrumbList\",\"@id\":\"https:\/\/www.nationalpark-unteres-odertal.de\/pl\/wycieczki-do-doliny-dolnej-odry\/#breadcrumb\",\"itemListElement\":[{\"@type\":\"ListItem\",\"position\":1,\"name\":\"Strona g\u0142\u00f3wna\",\"item\":\"https:\/\/www.nationalpark-unteres-odertal.de\/pl\/\"},{\"@type\":\"ListItem\",\"position\":2,\"name\":\"Wycieczki do Doliny Dolnej Odry\"}]},{\"@type\":\"WebSite\",\"@id\":\"https:\/\/www.nationalpark-unteres-odertal.de\/pl\/#website\",\"url\":\"https:\/\/www.nationalpark-unteres-odertal.de\/pl\/\",\"name\":\"Nationalpark Unteres Odertal\",\"description\":\"Verein der Freunde des Deutsch-Polnischen Europa-Nationalparks Unteres Odertal e.V. &amp; Nationalparkstiftung Unteres Odertal\",\"publisher\":{\"@id\":\"https:\/\/www.nationalpark-unteres-odertal.de\/pl\/#organization\"},\"potentialAction\":[{\"@type\":\"SearchAction\",\"target\":{\"@type\":\"EntryPoint\",\"urlTemplate\":\"https:\/\/www.nationalpark-unteres-odertal.de\/pl\/?s={search_term_string}\"},\"query-input\":{\"@type\":\"PropertyValueSpecification\",\"valueRequired\":true,\"valueName\":\"search_term_string\"}}],\"inLanguage\":\"pl-PL\"},{\"@type\":\"Organization\",\"@id\":\"https:\/\/www.nationalpark-unteres-odertal.de\/pl\/#organization\",\"name\":\"Verein der Freunde des Deutsch-Polnischen Europa-Nationalparks Unteres Odertal e.V. & Nationalparkstiftung Unteres Odertal\",\"url\":\"https:\/\/www.nationalpark-unteres-odertal.de\/pl\/\",\"logo\":{\"@type\":\"ImageObject\",\"inLanguage\":\"pl-PL\",\"@id\":\"https:\/\/www.nationalpark-unteres-odertal.de\/pl\/#\/schema\/logo\/image\/\",\"url\":\"https:\/\/www.nationalpark-unteres-odertal.de\/wp-content\/uploads\/logos-google.png\",\"contentUrl\":\"https:\/\/www.nationalpark-unteres-odertal.de\/wp-content\/uploads\/logos-google.png\",\"width\":800,\"height\":344,\"caption\":\"Verein der Freunde des Deutsch-Polnischen Europa-Nationalparks Unteres Odertal e.V. & Nationalparkstiftung Unteres Odertal\"},\"image\":{\"@id\":\"https:\/\/www.nationalpark-unteres-odertal.de\/pl\/#\/schema\/logo\/image\/\"}}]}<\/script>","yoast_head_json":{"title":"Wycieczki do Doliny Dolnej Odry - Nationalpark Unteres Odertal","robots":{"index":"index","follow":"follow","max-snippet":"max-snippet:-1","max-image-preview":"max-image-preview:large","max-video-preview":"max-video-preview:-1"},"canonical":"https:\/\/www.nationalpark-unteres-odertal.de\/pl\/wycieczki-do-doliny-dolnej-odry\/","og_locale":"pl_PL","og_type":"article","og_title":"Wycieczki do Doliny Dolnej Odry - Nationalpark Unteres Odertal","og_url":"https:\/\/www.nationalpark-unteres-odertal.de\/pl\/wycieczki-do-doliny-dolnej-odry\/","og_site_name":"Nationalpark Unteres Odertal","article_modified_time":"2022-01-14T09:03:23+00:00","twitter_card":"summary_large_image","schema":{"@context":"https:\/\/schema.org","@graph":[{"@type":"WebPage","@id":"https:\/\/www.nationalpark-unteres-odertal.de\/pl\/wycieczki-do-doliny-dolnej-odry\/","url":"https:\/\/www.nationalpark-unteres-odertal.de\/pl\/wycieczki-do-doliny-dolnej-odry\/","name":"Wycieczki do Doliny Dolnej Odry - Nationalpark Unteres Odertal","isPartOf":{"@id":"https:\/\/www.nationalpark-unteres-odertal.de\/pl\/#website"},"datePublished":"2008-05-03T06:33:31+00:00","dateModified":"2022-01-14T09:03:23+00:00","breadcrumb":{"@id":"https:\/\/www.nationalpark-unteres-odertal.de\/pl\/wycieczki-do-doliny-dolnej-odry\/#breadcrumb"},"inLanguage":"pl-PL","potentialAction":[{"@type":"ReadAction","target":["https:\/\/www.nationalpark-unteres-odertal.de\/pl\/wycieczki-do-doliny-dolnej-odry\/"]}]},{"@type":"BreadcrumbList","@id":"https:\/\/www.nationalpark-unteres-odertal.de\/pl\/wycieczki-do-doliny-dolnej-odry\/#breadcrumb","itemListElement":[{"@type":"ListItem","position":1,"name":"Strona g\u0142\u00f3wna","item":"https:\/\/www.nationalpark-unteres-odertal.de\/pl\/"},{"@type":"ListItem","position":2,"name":"Wycieczki do Doliny Dolnej Odry"}]},{"@type":"WebSite","@id":"https:\/\/www.nationalpark-unteres-odertal.de\/pl\/#website","url":"https:\/\/www.nationalpark-unteres-odertal.de\/pl\/","name":"Nationalpark Unteres Odertal","description":"Verein der Freunde des Deutsch-Polnischen Europa-Nationalparks Unteres Odertal e.V. &amp; Nationalparkstiftung Unteres Odertal","publisher":{"@id":"https:\/\/www.nationalpark-unteres-odertal.de\/pl\/#organization"},"potentialAction":[{"@type":"SearchAction","target":{"@type":"EntryPoint","urlTemplate":"https:\/\/www.nationalpark-unteres-odertal.de\/pl\/?s={search_term_string}"},"query-input":{"@type":"PropertyValueSpecification","valueRequired":true,"valueName":"search_term_string"}}],"inLanguage":"pl-PL"},{"@type":"Organization","@id":"https:\/\/www.nationalpark-unteres-odertal.de\/pl\/#organization","name":"Verein der Freunde des Deutsch-Polnischen Europa-Nationalparks Unteres Odertal e.V. & Nationalparkstiftung Unteres Odertal","url":"https:\/\/www.nationalpark-unteres-odertal.de\/pl\/","logo":{"@type":"ImageObject","inLanguage":"pl-PL","@id":"https:\/\/www.nationalpark-unteres-odertal.de\/pl\/#\/schema\/logo\/image\/","url":"https:\/\/www.nationalpark-unteres-odertal.de\/wp-content\/uploads\/logos-google.png","contentUrl":"https:\/\/www.nationalpark-unteres-odertal.de\/wp-content\/uploads\/logos-google.png","width":800,"height":344,"caption":"Verein der Freunde des Deutsch-Polnischen Europa-Nationalparks Unteres Odertal e.V. & Nationalparkstiftung Unteres Odertal"},"image":{"@id":"https:\/\/www.nationalpark-unteres-odertal.de\/pl\/#\/schema\/logo\/image\/"}}]}},"_links":{"self":[{"href":"https:\/\/www.nationalpark-unteres-odertal.de\/pl\/wp-json\/wp\/v2\/pages\/8597","targetHints":{"allow":["GET"]}}],"collection":[{"href":"https:\/\/www.nationalpark-unteres-odertal.de\/pl\/wp-json\/wp\/v2\/pages"}],"about":[{"href":"https:\/\/www.nationalpark-unteres-odertal.de\/pl\/wp-json\/wp\/v2\/types\/page"}],"author":[{"embeddable":true,"href":"https:\/\/www.nationalpark-unteres-odertal.de\/pl\/wp-json\/wp\/v2\/users\/1"}],"replies":[{"embeddable":true,"href":"https:\/\/www.nationalpark-unteres-odertal.de\/pl\/wp-json\/wp\/v2\/comments?post=8597"}],"version-history":[{"count":1,"href":"https:\/\/www.nationalpark-unteres-odertal.de\/pl\/wp-json\/wp\/v2\/pages\/8597\/revisions"}],"predecessor-version":[{"id":10131,"href":"https:\/\/www.nationalpark-unteres-odertal.de\/pl\/wp-json\/wp\/v2\/pages\/8597\/revisions\/10131"}],"wp:attachment":[{"href":"https:\/\/www.nationalpark-unteres-odertal.de\/pl\/wp-json\/wp\/v2\/media?parent=8597"}],"curies":[{"name":"wp","href":"https:\/\/api.w.org\/{rel}","templated":true}]}}

<div class="fusion-fullwidth fullwidth-box fusion-builder-row-1 fusion-flex-container nonhundred-percent-fullwidth non-hundred-percent-height-scrolling" style="--awb-border-radius-top-left:0px;--awb-border-radius-top-right:0px;--awb-border-radius-bottom-right:0px;--awb-border-radius-bottom-left:0px;--awb-flex-wrap:wrap;"><div class="fusion-builder-row fusion-row fusion-flex-align-items-flex-start fusion-flex-content-wrap" style="max-width:1248px;margin-left: calc(-4% / 2 );margin-right: calc(-4% / 2 );"><div class="fusion-layout-column fusion_builder_column fusion-builder-column-0 fusion_builder_column_1_1 1_1 fusion-flex-column" style="--awb-bg-size:cover;--awb-width-large:100%;--awb-margin-top-large:0px;--awb-spacing-right-large:1.92%;--awb-margin-bottom-large:0px;--awb-spacing-left-large:1.92%;--awb-width-medium:100%;--awb-spacing-right-medium:1.92%;--awb-spacing-left-medium:1.92%;--awb-width-small:100%;--awb-spacing-right-small:1.92%;--awb-spacing-left-small:1.92%;"><div class="fusion-column-wrapper fusion-flex-justify-content-flex-start fusion-content-layout-column"><div class="fusion-text fusion-text-1 awb-text-cols fusion-text-columns-2" style="--awb-columns:2;--awb-column-spacing:2em;--awb-column-min-width:400px;"><p class="rtejustify"><span class="fusion-dropcap dropcap">C</span>hro­ni­my przy­ro­dę nie tyl­ko dla niej samej, ale tak­że dla ludzi. Powin­na słu­żyć obec­nym i przy­szłym poko­le­niom edu­ka­cji, rekre­acji i budo­wa­nia oraz dawać radość i satys­fak­cję. Dla­te­go sto­wa­rzy­sze­nie i fun­da­cja co roku ofe­ru­ją miesz­kań­com i odwie­dza­ją­cym Doli­nę Dol­nej Odry sze­reg trud­nych tech­nicz­nie, ale ogól­nie zro­zu­mia­łych wycie­czek, poświę­co­nych waż­nym tema­tom eko­lo­gicz­nym, pro­wa­dzo­nych przez naj­wyż­szej kla­sy eks­per­tów z bran­ży. region.</p>
<p class="rtejustify">Prze­wod­ni­ki są<strong> za dar­mo</strong>, Daro­wi­zny i wcze­śniej­sza reje­stra­cja tele­fo­nicz­na (tel.: +49 3332 21980) są wyma­ga­ne. Fun­da­cja i sto­wa­rzy­sze­nie są szczę­śli­we i wdzięcz­ne za pozy­ska­nie uzna­nych naukow­ców z Tier­park i Zoo w Ber­li­nie, z Museum für Natur­kun­de w Ber­li­nie oraz z innych insty­tu­tów badaw­czych i uni­wer­sy­te­tów w regio­nie, któ­rzy regu­lar­nie zgła­sza­ją się na ochot­ni­ka do edu­ka­cji w zakre­sie ochro­ny przyrody.</p>
</div><div class="fusion-separator fusion-full-width-sep" style="align-self: center;margin-left: auto;margin-right: auto;margin-top:30px;width:100%;"></div><div class="fusion-title title fusion-title-1 sep-underline sep-dotted fusion-title-text fusion-title-size-two"><h2 class="fusion-title-heading title-heading-left" style="margin:0;">Nasze wycieczki:</h2></div></div></div></div></div>

<title>Wycieczki do Doliny Dolnej Odry - Nationalpark Unteres Odertal</title>
<meta name="robots" content="index, follow, max-snippet:-1, max-image-preview:large, max-video-preview:-1" />
<link rel="canonical" href="https://www.nationalpark-unteres-odertal.de/pl/wycieczki-do-doliny-dolnej-odry/" />
<meta property="og:locale" content="pl_PL" />
<meta property="og:type" content="article" />
<meta property="og:title" content="Wycieczki do Doliny Dolnej Odry - Nationalpark Unteres Odertal" />
<meta property="og:url" content="https://www.nationalpark-unteres-odertal.de/pl/wycieczki-do-doliny-dolnej-odry/" />
<meta property="og:site_name" content="Nationalpark Unteres Odertal" />
<meta property="article:modified_time" content="2022-01-14T09:03:23+00:00" />
<meta name="twitter:card" content="summary_large_image" />
<script type="application/ld+json" class="yoast-schema-graph">{"@context":"https://schema.org","@graph":[{"@type":"WebPage","@id":"https://www.nationalpark-unteres-odertal.de/pl/wycieczki-do-doliny-dolnej-odry/","url":"https://www.nationalpark-unteres-odertal.de/pl/wycieczki-do-doliny-dolnej-odry/","name":"Wycieczki do Doliny Dolnej Odry - Nationalpark Unteres Odertal","isPartOf":{"@id":"https://www.nationalpark-unteres-odertal.de/pl/#website"},"datePublished":"2008-05-03T06:33:31+00:00","dateModified":"2022-01-14T09:03:23+00:00","breadcrumb":{"@id":"https://www.nationalpark-unteres-odertal.de/pl/wycieczki-do-doliny-dolnej-odry/#breadcrumb"},"inLanguage":"pl-PL","potentialAction":[{"@type":"ReadAction","target":["https://www.nationalpark-unteres-odertal.de/pl/wycieczki-do-doliny-dolnej-odry/"]}]},{"@type":"BreadcrumbList","@id":"https://www.nationalpark-unteres-odertal.de/pl/wycieczki-do-doliny-dolnej-odry/#breadcrumb","itemListElement":[{"@type":"ListItem","position":1,"name":"Strona główna","item":"https://www.nationalpark-unteres-odertal.de/pl/"},{"@type":"ListItem","position":2,"name":"Wycieczki do Doliny Dolnej Odry"}]},{"@type":"WebSite","@id":"https://www.nationalpark-unteres-odertal.de/pl/#website","url":"https://www.nationalpark-unteres-odertal.de/pl/","name":"Nationalpark Unteres Odertal","description":"Verein der Freunde des Deutsch-Polnischen Europa-Nationalparks Unteres Odertal e.V. &amp; Nationalparkstiftung Unteres Odertal","publisher":{"@id":"https://www.nationalpark-unteres-odertal.de/pl/#organization"},"potentialAction":[{"@type":"SearchAction","target":{"@type":"EntryPoint","urlTemplate":"https://www.nationalpark-unteres-odertal.de/pl/?s={search_term_string}"},"query-input":{"@type":"PropertyValueSpecification","valueRequired":true,"valueName":"search_term_string"}}],"inLanguage":"pl-PL"},{"@type":"Organization","@id":"https://www.nationalpark-unteres-odertal.de/pl/#organization","name":"Verein der Freunde des Deutsch-Polnischen Europa-Nationalparks Unteres Odertal e.V. & Nationalparkstiftung Unteres Odertal","url":"https://www.nationalpark-unteres-odertal.de/pl/","logo":{"@type":"ImageObject","inLanguage":"pl-PL","@id":"https://www.nationalpark-unteres-odertal.de/pl/#/schema/logo/image/","url":"https://www.nationalpark-unteres-odertal.de/wp-content/uploads/logos-google.png","contentUrl":"https://www.nationalpark-unteres-odertal.de/wp-content/uploads/logos-google.png","width":800,"height":344,"caption":"Verein der Freunde des Deutsch-Polnischen Europa-Nationalparks Unteres Odertal e.V. & Nationalparkstiftung Unteres Odertal"},"image":{"@id":"https://www.nationalpark-unteres-odertal.de/pl/#/schema/logo/image/"}}]}</script>

Strona główna
